. Calculate the remainder when 101 is divided by h.
14
Let d = -32 - -37. Suppose d*b - 15 = 0, 74 = 5*s - 3*s + 4*b. Calculate the remainder when s is divided by 8.
7
Let v = -131 + 186. What is the remainder when v is divided by 19?
17
Let q = 1 + -10. Let z be (9/(-6))/(q/24). Suppose -z*u = -f + 5, -4*f - 5*u + 17 + 87 = 0. Calculate the remainder when f is divided by 6.
3
Suppose 892 = 13*i - 330. Calculate the remainder when i is divided by 39.
16
Let s = 12 - 9. Suppose -p + 5*h = -19, -h - 6 = -s*p - 3*h. Calculate the remainder when 9 is divided by p.
1
Suppose 2*d - 4 = 3*p, p - 3*d = -d. Let l = 4 + p. What is the remainder when 7 is divided by l?
1
Let f(z) = 30*z**2 + z + 2. Let y = -18 + 29. Calculate the remainder when f(-1) is divided by y.
9
Suppose -q + 24 = 21. Suppose 0 = q*y - 87 + 45. What is the remainder when -1*(2 + 0 - 55) is divided by y?
11
Let v = 25 + -30. Let j = 8 + v. Suppose j*q = 2*s - 0*q - 4, -s = 2*q - 9. What is the remainder when 8 is divided by s?
3
Suppose -3*u = q + q + 10, q - 6 = 4*u. Suppose -26 = -3*k - j + 101, 0 = 4*k - 3*j - 152. What is the remainder when k is divided by (11/2)/((-1)/u)?
8
Suppose 147 = 5*s - 43. What is the remainder when 22/(1540/(-105)) + 610/4 is divided by s?
37
Let o = 101 + -98. Suppose -2*x + 3*d + 401 = o*x, -3*d = 5*x - 419. What is the remainder when x is divided by 22?
16
Suppose 3*r - 5*g = 1, r + 0*r - 1 = g. Calculate the remainder when 39 is divided by 22 - (0 - r - -3).
18
Let u(f) = f**3 - 2*f**2 - 1. Let v be 1/(-1) + 9 + -5. Let t be u(v). Suppose 6*j - t*j + 124 = 0. Calculate the remainder when j is divided by 13.
10
Suppose -v = 3, 133 + 126 = 4*l - 5*v. What is the remainder when 302 is divided by l?
58
Let d = 17 - -72. Let o = d + -65. Calculate the remainder when 116 is divided by o.
20
Suppose -4*s - 234 = -30*s. Calculate the remainder when 112 is divided by s.
4
Let v = 64 - 45. Suppose z = 5*k + 32, 10 = z - 2*k - v. What is the remainder when z is divided by (-2)/(-10) - (-49)/5?
7
Suppose 0 = -4*u + 531 + 3561. What is the remainder when u is divided by 54?
51
Suppose -5*y - 5*y + 300 = 0. What is the remainder when 2/(-9) - 1012/(-18) is divided by y?
26
Let q = -219 - -402. What is the remainder when q is divided by 23?
22
Let h(u) = -u + 9. Let n be h(5). Suppose 3*b - 4*b - 27 = -5*t, -b = n*t - 18. Calculate the remainder when 9 is divided by t.
4
Suppose x = c + 18, 3*c - c - 72 = -4*x. Suppose -3*f - 5*u - 35 = 0, 5*u + 24 - 129 = 4*f. What is the remainder when x is divided by f*(-3 + 5/2)?
8
Let j be (6/(-2))/3*-2. Let i(h) = 12*h + 11 - 16 + 17*h. What is the remainder when i(j) is divided by 18?
17
Suppose 0 = 2*l + 2*l - 1792. Let f be (l - -2) + -2 + 0. What is the remainder when 18 is divided by f/44 - 4/22?
8
Suppose -3*a = 3*a - 108. What is the remainder when 4/a + (-7720)/(-90) is divided by 22?
20
Suppose -3*o + 125 = 4*i, -5*i + o - 2 = -144. What is the remainder when 115 is divided by i*-1*(-3 - -2)?
28
Let f(w) = 3*w + 1. Let z(t) = t + 1. Let q(g) = -f(g) + 2*z(g). Suppose -2*r = -6, -14 = -3*p - 2*p + 2*r. What is the remainder when q(-4) is divided by p?
1
Let c(l) = -2*l**3 + 65*l**2 - 34*l + 77. Suppose 4*f = 3*h - 245, h + 3*f - 38 = 61. What is the remainder when h is divided by c(32)?
9
Let n be 3*(0 - (-4)/(-4)). What is the remainder when (-18)/3*-10 - n is divided by 24?
15
Let h(v) = 3*v + 4. Let d be h(-10). What is the remainder when (53 - d)*(0 - -1) is divided by 16?
15
Suppose -24 = -10*y - 2*y. Suppose -76 = -2*l - 3*a, 0 = 3*a + y*a + 10. What is the remainder when 160 is divided by l?
37
Suppose -51*i = -3*i - 3216. Calculate the remainder when i is divided by 17.
16
Suppose 0 = 5*g - 71 - 44. Let h = -3572 + 3580. Calculate the remainder when g is divided by h.
7
Suppose -1 = -0*d + 3*d + t, -t - 1 = -3*d. Let s be (1/(-5)*d)/(-1). Suppose s*x - 3*x + 201 = 0. What is the remainder when x is divided by 14?
11
Let x = 25 - -263. Let k = -175 + x. What is the remainder when k is divided by 29?
26
Let z be ((-6)/5)/((-2)/5). What is the remainder when 6 is divided by (-12)/9*(z - 6)?
2
Let g = 8 - 6. Suppose -4*w - 3 = -3*z + w, -g*w - 1 = -z. Suppose -2*u - z = 5*v - 36, 4*u + 4*v = 64. What is the remainder when 58 is divided by u?
13
Suppose -5 + 17 = 3*j. Suppose 26 = -j*b + 86. Let y = 101 + -43. What is the remainder when y is divided by b?
13
Suppose 0 = -3*o - 2*x + 49, 5*o - 3*o - 3*x - 11 = 0. Suppose 4*a = 23*a - 665. Calculate the remainder when a is divided by o.
9
Let w = 5 + 0. Suppose 3*t - 46 - 26 = -w*g, -2*t - 4 = -g. Calculate the remainder when g is divided by (28/6)/((-4)/(-6)).
5
What is the remainder when ((-25)/((-900)/(-24)))/((-2)/1167) is divided by 22?
15
What is the remainder when 84/((-2)/4 - -2) is divided by 23?
10
Suppose 2*y - 438 = -4*w - 0*w, 4*y = -5*w + 882. Suppose 13*q - y = 11. What is the remainder when 177 is divided by q?
15
Let l = 11 - 17. Let h be 30/(-9)*9/l. Suppose 5 = h*m - 20, m + 5 = 2*r. Calculate the remainder when 12 is divided by r.
2
Let g(y) = 2*y**3 - 95*y**2 - 50*y + 116. Suppose 8 = 2*s - 0. Suppose s*f - 20 = 24. What is the remainder when g(48) is divided by f?
9
Let n(w) = 8*w**2 - 24*w + 49. What is the remainder when n(6) is divided by 28?
25
Let i = 410 + -397. Suppose 0 = -5*m + 5 + 25. What is the remainder when i is divided by m?
1
Suppose -4*o - 4*d = -524, -5*o = -2*d - 247 - 415. Calculate the remainder when o is divided by 15.
12
Let f = 1143 - 1039. Calculate the remainder when 415 is divided by f.
103
Let y(c) = 20*c - 15. What is the remainder when 178 is divided by y(3)?
43
Suppose 73 + 7 = 16*x. Calculate the remainder when 102 is divided by x.
2
Let r = 19 + 74. Calculate the remainder when r is divided by 32.
29
Suppose -3*v - 29 = 1. Let l = v + 44. What is the remainder when l is divided by 12?
10
Calculate the remainder when 61 is divided by 0 + 0 + 62/2.
30
Calculate the remainder when 4/(-6) - 236/(-12) is divided by 6.
1
Let a = -33 + 64. Let o = 37 - a. What is the remainder when 33 is divided by o?
3
Let t = 53 - -31. What is the remainder when 170 is divided by t?
2
What is the remainder when 1946 is divided by ((-413)/21)/(2/(-6))?
58
Suppose -4*c = -10*c + 120. Suppose 197 = 4*k - 283. Suppose -x + 54 = -t, 4*t - 2*t = -2*x + k. Calculate the remainder when x is divided by c.
17
Let t(k) = 3*k**2 - 3*k - 1. Let l be t(5). Let i = l + -33. Suppose 0 = 4*b - 4*g - 52, b - 2*g - 25 = 2*g. Calculate the remainder when i is divided by b.
8
Let w(i) = 6*i + 136. What is the remainder when 229 is divided by w(-13)?
55
Let h(l) be the second derivative of 7*l**3/6 - 17*l**2/2 - 17*l. What is the remainder when 88 is divided by h(5)?
16
Let f(t) = 2*t**2 - 17*t + 33. Let k = -13 - -31. Calculate the remainder when k is divided by f(2).
4
Suppose 2*f + 2*f = -168. Suppose 185 = -5*x - 145. Let q = f - x. What is the remainder when q is divided by 13?
11
Let o(h) = -h**3 + 28*h**2 - 75*h + 50. Calculate the remainder when 180 is divided by o(25).
30
Suppose -g + 114 = 2*u, 2*g = -g - 5*u + 340. Let r = -6163 + 6177. What is the remainder when g is divided by r?
12
Suppose 13*m + 3 = 12*m. Let f(y) = -12*y + 4. Let g be f(m). Suppose 0 = 2*a - 142 + g. Calculate the remainder when a is divided by 13.
12
Let v(h) = -h**3 - 3*h**2 + 11*h + 29. Calculate the remainder when 524 is divided by v(-5).
20
Let x(f) = -f**3 - 9*f**2 + 6*f. Let s be x(-10). Suppose s = -5*a + 5*b, a + 17 = -4*b - 11. What is the remainder when 15 is divided by a*(-2)/(-8)*-2?
3
Let u be 376/4 + -1 + -4. Suppose -2*h + h + u = 0. What is the remainder when h is divided by (1/2)/(1/46)?
20
Let h(q) = -36*q - 358. Calculate the remainder when h(-11) is divided by 13.
12
Suppose -x = 38*x - 2106. Calculate the remainder when x is divided by 11.
10
Let y(s) = 7*s**3 - 4*s**2 + 7*s - 8. What is the remainder when y(2) is divided by 12*(-1)/(-1)*1?
10
Suppose -35 = -2*z + 21. Let d = 30 - z. Suppose d*i - 18 = -2*w, -3*i + 5*w + 43 = 4*w. Calculate the remainder when 48 is divided by i.
9
Suppose 63 = -217*f + 224*f. Let s(i) be the third derivative of i**5/60 - 5*i**4/24 - 11*i**3/6 + 2*i**2. Calculate the remainder when s(9) is divided by f.
7
Suppose